. Give u(m).
-6
Suppose -1 = 2*i - 7. Suppose -4 = -2*l - 0. Let y(x) = 2 - 5*x**3 - 3*x**l + x**3 + 5*x**3. Calculate y(i).
2
Let w(x) = 1 - x + x**2 + x + x. Determine w(-1).
1
Suppose 0 = -3*p + p - 2, -3*p + 1 = 4*y. Let j(d) = 2*d**3 - 5 + 4 + d**2 - 4*d**3. Determine j(y).
-2
Let w(q) = -q**3 - 5*q**2 + 6*q - 5. Let v be 4 + 2/(19/5 + -4). Give w(v).
-5
Suppose 4*x + 3*j - 27 = 0, -4*x - 13 = 4*j - 45. Let z(c) = 3*c + x - 3*c**2 + 2*c - 4*c**2 + 8*c**2. What is z(-3)?
-3
Let a(v) = v**3 - 8*v**2 + 2*v - 12. Let s(z) = -z**3 - 6*z**2 - 6*z + 3. Let p be s(-5). Give a(p).
4
Let o(m) = -m + 10. Suppose 4*i - 5*c = 35, -i + 22 - 8 = -3*c. Let s be o(i). Let r(k) = -k**2 + 4*k - 4. What is r(s)?
-9
Let w(a) = 31*a**2 - 49*a + 4. Let m(r) = -11*r**2 + 17*r - 1. Let u(l) = -17*m(l) - 6*w(l). Let q be 1/(-4) + (-46)/8. Give u(q).
-1
Let r = -1 - -1. Let l(h) = -12*h**2 + 2*h + 17. Let c(m) = 5*m**2 - m - 8. Let k(o) = -5*c(o) - 2*l(o). Calculate k(r).
6
Let q(r) = -1 + 0*r**2 - 16*r**2 + r**3 + 7*r + r**2 + 8*r**2. Give q(6).
5
Let z(x) = x + 1. Let n(p) = -p**2 - 3*p + 7. Let r be n(-5). Let k be (r + 3)/(1*-1). Suppose 0 = 4*y + 20, 2*l - 1 + k = y. Calculate z(l).
-1
Suppose -v = 4*n - 3*v - 36, -12 = -2*n - 2*v. Let u = -14 + n. Let r be ((-10)/u)/(1/(-3)). Let d(x) = x - 3. Give d(r).
-8
Let g = -10 - -12. Let w(r) = 17 - r - 15 + g*r. What is w(4)?
6
Let q(u) be the third derivative of u**4/24 - 4*u**3/3 - 18*u**2. Suppose 0 = 4*t - t - 18. Calculate q(t).
-2
Suppose 2*j + 24 = 44. Let c(s) = -s**2 + 12*s - 13. What is c(j)?
7
Let u be (-4)/18 + ((-18)/(-81) - -8). Let h(q) = -q + 13. Determine h(u).
5
Let r(x) = -2*x + x - 2*x - 2 + 6*x. Calculate r(-3).
-11
Let o(v) be the third derivative of -v**4/24 + 2*v**3/3 - v**2 - 1. What is o(-5)?
9
Let u = 37 - 20. Suppose -5*o = -4*s - u, 4*s + 0*o + 2 = 2*o. Let n be s + 1*3/(-1). Let v(m) = 4*m - 1. What is v(n)?
-5
Let t(l) = -7*l**2 - 9*l - 11. Let u(p) = 10*p**2 + 14*p + 17. Let w(m) = 7*t(m) + 5*u(m). Determine w(-7).
8
Let d(c) = -3*c**2 + 6*c**3 - 8*c**3 + 3*c + 1 + c**3. What is d(-4)?
5
Suppose 2 = -m + 7. Suppose 3*y = z - 20, -m*y - 34 = -3*z + z. Let w(g) = 2*g + 3. Calculate w(y).
-9
Suppose 5 = 5*i - 10*i. Let r(j) = 11*j**3 - 3*j**2 - 5. Let s(b) = 2 - 5*b**2 - 4*b**3 + 2*b**2 + 4*b**2. Let c(q) = 3*r(q) + 8*s(q). Determine c(i).
-1
Suppose 3*z = 2*j + 2*z - 9, 2*z + 25 = 5*j. Let t(x) = -x - 6. What is t(j)?
-13
Let b(z) = -z**2 - 10*z - 9. Let g be b(-9). Let t(v) be the first derivative of 1 - 1/2*v**2 + v. Calculate t(g).
1
Let x(j) = -j - 5. Let d be x(-7). Let r(t) = 2*t + 2. Determine r(d).
6
Let m(x) = 3*x**3 + x**2 - 2*x + 2. Let z(r) = 5*r**3 + 2*r**2 - 5*r + 5. Let g(l) = -5*m(l) + 2*z(l). Give g(1).
-6
Let x(m) be the first derivative of 1/4*m**4 + 0*m**3 - 5*m - 1 - 1/2*m**2. Calculate x(0).
-5
Let t(h) = -3*h**2 - 2*h - 1. Suppose 5 = -19*m + 14*m. Calculate t(m).
-2
Let w(t) = -t - 3. Suppose 5*y - 3*c + 43 = -12, 2*c = 5*y + 50. Calculate w(y).
5
Suppose -4*d + 6 = -3*k - 2*k, -4*d = -k - 14. Suppose -3*c + 3*s - 12 = 0, -d*s - 21 = c - 7. Let i(r) = r**2 + 8*r + 5. Calculate i(c).
-7
Suppose 4*d - d - 15 = 0. Let n(h) = 2*h + h**2 - 2 - d + 2 + 1. Determine n(-3).
-1
Let y(z) = z**2 + 0*z**2 + 6 + 6*z**2 - 6*z. Let t(a) = -a**2 + a - 1. Let v(o) = -6*t(o) - y(o). Determine v(-1).
-1
Let q(d) = -d**3 + d**2 - d - 2. Let l(o) = -4*o**2 + 5 + 3*o**2 - 3 - 5*o. Let s be l(-5). Suppose -4 = -s*c - 0. What is q(c)?
-8
Let m(h) be the first derivative of -h**4/4 - h**3 + 2*h**2 + 5*h + 19. Calculate m(-4).
5
Let r = 9 + -9. Let c be 2 - 1*(3 + -2). Let w be c + (0 - (r - -5)). Let k(f) = f**3 + 4*f**2 + f + 2. Determine k(w).
-2
Let j(a) = a**2 - 8*a + 7. Let q be j(8). Let k(o) = 3 - 4*o - q - 3 + 3. Let g = -4 - -1. Calculate k(g).
8
Let n(o) = o**2 - 8*o + 6. Let l = 34 - 16. Suppose l = 4*f - f. What is n(f)?
-6
Let d(u) = -u**2. Let k(z) = 4*z**2 - 2*z - 4. Let a(j) = -3*d(j) - k(j). What is a(3)?
1
Let n(b) = -104*b - 105*b + 206*b - 6. What is n(-9)?
21
Let a(w) = 3*w**3 - 2*w**2 + 1. Let t be (-5 - -8) + (3 - 1). Let s(g) = g - 2. Let i be s(t). Suppose 0 = -i*o + 4*y - 7*y - 3, -2*y - 4 = 4*o. What is a(o)?
-4
Let t(o) = 3 + 4*o**2 + 5*o**2 - 10*o**2 + 2. Determine t(0).
5
Let g(a) = -18*a + 1. Let f(k) = 10*k - 2. Let h(x) = -7*f(x) - 4*g(x). Suppose -n + 6*n + 35 = 0. Calculate h(n).
-4
Let u be 81/36 + (-3)/12. Let l(j) = 2. Let t(a) = -a + 3. Let y(w) = -3*l(w) + 2*t(w). Calculate y(u).
-4
Let x be (0 + 1)*(2 + 1). Let k(i) = -4*i**3 - 2*i**2 + 4*i + 3. Let c(f) = -f**3 - f**2 + 1. Let a(g) = -3*c(g) + k(g). What is a(x)?
-6
Let l(t) = -4*t + 3*t - 1 - t + 4*t. Let m(w) = -w + 1. Let g be m(3). What is l(g)?
-5
Let l be ((-3)/6)/((-3)/(-18)). Let c(i) = i**3 + 3*i**2 - 3. Determine c(l).
-3
Let h(t) be the first derivative of -t**4/4 - 2*t**3 + 7*t - 8. Determine h(-5).
-18
Let q(b) = 9*b**2 - b - 1. Suppose -4*y + 0*y - 4 = 0. Calculate q(y).
9
Let x(y) = -20*y + 1. Let c be (7 + -4)*2*1/6. What is x(c)?
-19
Let v(l) = -l - 9. Suppose 4*i + 3 + 1 = 0. Let k = i - 4. What is v(k)?
-4
Let s(b) = -b - 8. Suppose -2*i - 10 = 0, -4*i = 4*u + 8 + 12. What is s(u)?
-8
Suppose 0 = v - 2. Suppose -v*z + 0*z = -6. Let t(k) = -k**3 - 4*k - z + 2 - 3 - 5*k**2. Give t(-4).
-4
Let y(t) = -2*t**3 + 21*t**2 + 7*t + 1. Let b(l) = l**3 - 10*l**2 - 3*l. Let g(p) = 7*b(p) + 3*y(p). Let v = -39 - -46. Calculate g(v).
3
Let f(p) = -p**3 - 2*p**2 - 2. Let n(k) be the third derivative of k**6/40 + k**5/15 + k**4/24 + 5*k**3/6 - k**2. Let m(g) = 5*f(g) + 2*n(g). Determine m(2).
4
Let l(y) = y**2 - 4*y - 4. Let i(u) = -6*u. Let z be ((-2)/(-4))/((-4)/8). Let c be i(z). What is l(c)?
8
Let u(b) = b + 3. Let i(t) = t**2 + 7*t + 2. Let c be i(-5). Let m be (-3)/((30/c)/5). Suppose -m*q = q - 20. What is u(q)?
7
Let a(t) = -t**3 + 4*t**2 + t. Let b(u) = u**3 + 7*u**2 + 5*u - 3. Let y be b(-6). Calculate a(y).
12
Let w = -36 + 30. Let h(g) = 13*g**3 + 37*g**2 + 41*g + 29. Let q(p) = -3*p**3 - 9*p**2 - 10*p - 7. Let s(x) = -2*h(x) - 9*q(x). What is s(w)?
-7
Let m(t) = 3*t**3 - 5*t**2 + 5*t - 4. Let f(z) = -16*z**3 + 24*z**2 - 25*z + 20. Let k(s) = -2*f(s) - 11*m(s). Determine k(6).
10
Let s be (3/9)/((2 - 3)/(-6)). Let n(c) = c**3 - 3*c**2 + c - 1. Give n(s).
-3
Let z(q) = q**2 + 2*q + 8. Let p(i) = 1. Let a(m) = 6*p(m) - z(m). Give a(-4).
-10
Let h(f) = 2*f**2 + 4*f + 4. Let d(g) = -g - 1. Let q(u) = 4*d(u) + h(u). Let o = -18 - -19. Determine q(o).
2
Let m(c) = 3*c + 2. Let b be m(-4). Let k = 15 + b. Suppose k - 2 = -l. Let o(s) = s**2 + 6*s + 3. Determine o(l).
-6
Let c(p) = 1. Let f(n) = 2*n**2 - n - 6. Let b(k) = -5*c(k) - f(k). Let t be (-4)/(-6) + (-2)/(-6). Let l = -2 + t. Give b(l).
-2
Let g(w) = w - 2. Let v(s) = -s**3 + 6*s**2 + s + 1. Let k be v(6). Suppose -k*a + 3*a - 8 = 0. Let j(r) = r**3 + r**2 + 1. Let z be j(a). What is g(z)?
-5
Let o(a) = 10*a + 3. Let p(z) = -11*z - 4. Let s(w) = 4*o(w) + 3*p(w). Determine s(-2).
-14
Let y(f) = 14*f**3 - 7*f**2 - 3*f + 13. Let m(w) = 5 - 2*w**3 - 2*w**2 - w + 7*w**3 - 1. Let b(c) = -11*m(c) + 4*y(c). What is b(6)?
2
Let n(r) = 54*r - 26*r - 3*r**2 + 1 - 29*r. Suppose -5*b = 2*s + 1 - 13, b = 3*s - 1. Give n(s).
-3
Let b(k) = 5*k**2. Let q = 64 + -65. Determine b(q).
5
Let p(w) be the third derivative of 2*w**2 + 1/12*w**4 + 0 + 2/15*w**5 + 0*w - 1/6*w**3. Give p(1).
9
Let j(c) = -c**3 + 4*c**2 + 6*c - 3. Let m be 2/10 - 48/(-10). Calculate j(m).
2
Suppose 3*p - 5*g + 5 = -12, -3*p - 2*g = -11. Let x = 2 - p. Let j(f) = 3*f**3 + 0*f**2 + 5*f**2 - f - 4*f**2. What is j(x)?
3
Suppose 0 = 3*k - 10 + 28. Let x be (-22)/k - 2/3. Let v(m) = -m**3 + 2*m**2 - 2*m - 1. Calculate v(x).
-16
Let u(q) = q + 2. Suppose 0 = 4*a - 17 - 7. Suppose k - a*k = -40. Let r = 11 - k. Determine u(r).
5
Let h be (8/6)/(4/(-24)). Let r = 8 + h. Let k(b) = -b + 4. Determine k(r).
4
Let w(s) = 4*s - 5 + 9 - 3*s - 3*s. What is w(5)?
-6
Let w(s) = -s - 8. Let l be ((-32)/4 - 3) + 5. Give w(l).
-2
Let f be (-2 + 20/6)*3. Let r(b) be the first derivative of -2 + 0*b + 1/2*b**2 + 2/3*b**3 + 1/4*b**f. Give r(-2).
-2
Let b(x) = -2*x + x + 1 - 5. Suppose -10 = -4*n - n. Let l = 2 - n. Calculate b(l).
-4
Let m(h) = -7*h**2 + 10*h - 2. Let y(s) = s**2 - s + 1. Let